ate the greatest common factor of 72 and 297.
9
What is the greatest common factor of 3 and 123?
3
Calculate the highest common factor of 10 and 510.
10
What is the highest common factor of 44184 and 7?
7
What is the highest common divisor of 734 and 1?
1
Calculate the highest common divisor of 207 and 69.
69
What is the highest common factor of 126 and 2583?
63
What is the greatest common divisor of 11 and 957?
11
Calculate the greatest common factor of 8977 and 94.
47
What is the highest common divisor of 574 and 14?
14
What is the greatest common divisor of 212 and 6413?
53
What is the greatest common factor of 132 and 1296?
12
What is the greatest common divisor of 54 and 54?
54
What is the highest common divisor of 7848 and 48?
24
Calculate the highest common factor of 188 and 141.
47
Calculate the highest common factor of 2494 and 516.
86
What is the greatest common factor of 154 and 1199?
11
Calculate the greatest common factor of 1963 and 13.
13
Calculate the highest common divisor of 154 and 16478.
154
What is the highest common factor of 237 and 79?
79
Calculate the greatest common factor of 60 and 75.
15
Calculate the highest common divisor of 82 and 1025.
41
What is the highest common factor of 400 and 125?
25
What is the highest common divisor of 2430 and 10?
10
What is the greatest common factor of 1258 and 37?
37
Calculate the highest common factor of 36 and 60.
12
Calculate the greatest common factor of 126 and 18.
18
Calculate the highest common factor of 6 and 1383.
3
What is the highest common factor of 2242 and 236?
118
What is the highest common factor of 2388 and 30?
6
What is the highest common factor of 817 and 86?
43
What is the highest common divisor of 182 and 3?
1
What is the highest common divisor of 595 and 1955?
85
Calculate the greatest common divisor of 756 and 490.
14
Calculate the highest common divisor of 4709 and 68.
17
What is the greatest common divisor of 29 and 28913?
29
What is the highest common divisor of 70 and 364?
14
Calculate the greatest common factor of 896 and 104.
8
Calculate the greatest common factor of 85 and 17935.
85
Calculate the highest common factor of 112 and 287.
7
What is the greatest common factor of 72 and 1593?
9
What is the greatest common divisor of 14211 and 9?
9
Calculate the greatest common divisor of 107 and 1819.
107
What is the highest common divisor of 70 and 20?
10
What is the greatest common divisor of 20 and 1250?
10
What is the greatest common factor of 7945 and 210?
35
What is the greatest common divisor of 302 and 2265?
151
Calculate the greatest common divisor of 266 and 2793.
133
What is the highest common divisor of 110 and 220?
110
Calculate the greatest common divisor of 4 and 17.
1
Calculate the greatest common divisor of 6420 and 96.
12
What is the highest common divisor of 124 and 1395?
31
Calculate the highest common factor of 3514 and 14.
14
Calculate the highest common factor of 978 and 31622.
326
What is the greatest common divisor of 5 and 1520?
5
What is the greatest common factor of 126 and 18?
18
Calculate the highest common factor of 144 and 2466.
18
Calculate the highest common divisor of 10 and 688.
2
What is the highest common factor of 351 and 247?
13
Calculate the highest common factor of 42 and 48.
6
Calculate the greatest common divisor of 32 and 88.
8
Calculate the highest common divisor of 1552 and 291.
97
What is the highest common factor of 823 and 1?
1
Calculate the highest common divisor of 648 and 24.
24
What is the greatest common divisor of 71 and 24992?
71
Calculate the greatest common factor of 3185 and 539.
49
What is the highest common divisor of 50 and 16?
2
What is the greatest common factor of 3108 and 28?
28
Calculate the greatest common factor of 530 and 106.
106
Calculate the highest common factor of 260 and 65.
65
Calculate the highest common divisor of 24 and 4008.
24
Calculate the highest common divisor of 8 and 96.
8
Calculate the highest common divisor of 9 and 108.
9
What is the highest common factor of 50561 and 217?
217
What is the highest common factor of 2525 and 475?
25
What is the highest common divisor of 138 and 33?
3
What is the highest common factor of 38790 and 18?
18
What is the greatest common divisor of 4 and 1076?
4
What is the greatest common factor of 594 and 15741?
297
Calculate the highest common factor of 464 and 29.
29
What is the greatest common factor of 5 and 1?
1
What is the greatest common factor of 6 and 18120?
6
What is the highest common divisor of 688 and 16?
16
Calculate the greatest common factor of 39 and 1196.
13
Calculate the highest common factor of 214 and 321.
107
Calculate the greatest common divisor of 27 and 63.
9
What is the highest common factor of 4726 and 1946?
278
Calculate the highest common factor of 120 and 24.
24
Calculate the highest common divisor of 47 and 43663.
47
Calculate the greatest common divisor of 90 and 144.
18
Calculate the highest common divisor of 528 and 6816.
48
Calculate the greatest common factor of 380 and 304.
76
Calculate the greatest common factor of 24 and 6864.
24
Calculate the highest common divisor of 246 and 6.
6
What is the highest common divisor of 6062 and 14?
14
What is the highest common divisor of 4402 and 186?
62
Calculate the greatest common divisor of 5831 and 357.
119
What is the greatest common divisor of 20502 and 67?
67
What is the greatest common factor of 36 and 126?
18
What is the greatest common divisor of 36 and 12?
12
Calculate the highest common factor of 78 and 3328.
26
What is the highest common divisor of 448 and 192?
64
Calculate the highest common factor of 528 and 14124.
132
What is the highest common factor of 91 and 56?
7
Calculate the greatest common factor of 196 and 84.
28
What is the highest common divisor of 36 and 30?
6
Calculate the highest common divisor of 48 and 1776.
48
Calculate the highest common divisor of 16 and 212.
4
Calculate the highest common divisor of 2 and 26.
2
Calculate the greatest common divisor of 26 and 13.
13
What is the highest common factor of 33 and 9?
3
Calculate the highest common divisor of 32 and 320.
32
What is the highest common divisor of 244 and 427?
61
What is the highest common divisor of 61 and 122?
61
Calculate the highest common divisor of 22 and 5522.
22
What is the highest common factor of 66 and 4818?
66
What is the highest common divisor of 1190 and 35?
35
Calculate the highest common factor of 851 and 74.
37
What is the highest common factor of 162 and 18?
18
What is the highest common divisor of 255 and 15?
15
Calculate the greatest common divisor of 1334 and 1702.
46
What is the greatest common factor of 52 and 130?
26
What is the greatest common divisor of 435 and 15?
15
Calculate the greatest common factor of 29 and 406.
29
What is the greatest common divisor of 264 and 33?
33
Calculate the greatest common divisor of 7500 and 60.
60
Calculate the greatest common factor of 46 and 69.
23
Calculate the highest common factor of 592 and 16.
16
What is the greatest common factor of 1139 and 34?
17
Calculate the greatest common factor of 54 and 756.
54
Calculate the greatest common factor of 244 and 61.
61
Calculate the greatest common factor of 180 and 3150.
90
Calculate the greatest common divisor of 1953 and 1736.
217
What is the highest common factor of 2931 and 6?
3
Calculate the greatest common divisor of 709 and 1.
1
What is the highest common factor of 192 and 678?
6
Calculate the greatest common factor of 5033 and 7.
7
What is the highest common divisor of 33 and 275?
11
What is the greatest common factor of 33 and 31?
1
Calculate the greatest common divisor of 1456 and 13.
13
Calculate the greatest common factor of 948 and 12.
12
What is the highest common divisor of 195 and 1820?
65
What is the greatest common divisor of 174 and 100398?
174
What is the highest common factor of 27444 and 12?
12
What is the highest common divisor of 11 and 1111?
11
Calculate the highest common factor of 44 and 8.
4
What is the highest common factor of 100 and 70?
10
What is the greatest common factor of 72 and 15?
3
What is the greatest common divisor of 30 and 9110?
10
What is the greatest common factor of 12 and 276?
12
What is the greatest common factor of 294 and